+ k - (2 - 5). What is the highest common factor of b and 42?
6
Let s be 19 - 3*(-8)/12. Suppose -3*h - 2*t = -2*h - 11, -5*t = 2*h - s. What is the greatest common factor of h and 39?
13
Suppose -d - 3*d - 2*z + 350 = 0, -d - z = -87. What is the greatest common factor of d and 8?
8
Suppose 0*t - t - 10 = -3*v, 4*t - 2 = -2*v. What is the greatest common divisor of 3 and v?
3
Let z(i) = i**3 - 4*i**2 - 9*i. Let j be z(7). Let c be (-6)/(-10) + 18585/25. Let w be 4/(-10) - c/(-60). Calculate the highest common factor of j and w.
12
Suppose m - 3*m = -k - 438, 2*k = -2*m + 444. Suppose -3*z + 72 = 12. What is the greatest common divisor of z and m?
20
Let c(f) = 30*f**2 - f + 1. Let w be c(1). Suppose -2*k + 3*k + 2 = h, 8 = k + h. Calculate the highest common divisor of k and w.
3
Let f = 24 + -16. Calculate the highest common factor of 4 and f.
4
Suppose -2*w + 6*w - 8 = 0. Suppose -2*n = i - 0*n - 3, -w*i - 4 = -n. Let c be 40*(-1 - (i + -1)). What is the greatest common factor of 5 and c?
5
Let h(x) = x**2 - 7. Let w be h(-5). Calculate the highest common factor of w and 12.
6
Let t(l) = -l + 8. Let s be t(6). Suppose -1 = a - 2*y, 7 + 1 = 4*a - s*y. What is the greatest common divisor of 2 and a?
1
Let i = 13 + 0. Let m be (13/4)/((-1)/(-12)). Calculate the highest common divisor of i and m.
13
Let j(z) = 55*z - 3. Let i = -6 + 10. Let u be j(i). Calculate the highest common factor of 31 and u.
31
Let w = -74 - -47. Let y = -17 - w. Suppose 6 - 26 = -4*x. What is the greatest common divisor of x and y?
5
Suppose -i - 2*a = -3*a + 17, -3*a + 75 = -5*i. Let t be (-3)/i*4*96. What is the highest common divisor of t and 12?
12
Suppose -2*d + 12 = q + 2*d, 5*q - 6 = -2*d. Suppose q*v + 72 = v. Suppose 7*p - p = 54. What is the greatest common factor of p and v?
9
Let j be ((-2)/(-4))/(2/16). Suppose -4*u - 104 = -4*f, -51 = 5*f - j*u - 181. Let i be 157/4 + (-4)/16. What is the greatest common factor of i and f?
13
Suppose 0 = f - 6*f + 350. Suppose -u + f = u. Calculate the highest common factor of u and 14.
7
Let j = 35 + -17. Calculate the greatest common divisor of j and 9.
9
Suppose 20 = -4*k, 2*b - 3*k - 75 = -6*k. Calculate the greatest common divisor of 18 and b.
9
Let d = -25 - -58. What is the greatest common factor of d and 11?
11
Let f be 183/27 + 2/9. Let n(a) = -1 + 1 - 3 + f + 4*a. Let c be n(4). Calculate the greatest common divisor of c and 50.
10
Let d(f) = f**3 - 5*f**2 + 4. Suppose -4*o - 3 = -p - 11, -32 = 4*p - o. Let k = -3 - p. Let q be d(k). Calculate the highest common factor of q and 2.
2
Let c(i) = 3*i**2 - 14*i + 8. Let y be c(-8). What is the greatest common divisor of y and 39?
39
Let z be (-1)/(-1) + 4/(-3)*-3. Let x be 846/24 + (-1)/4. Calculate the greatest common divisor of z and x.
5
Suppose -5*r = -3*y + 10, 3 = -3*y - r + 37. Suppose -y = -q + 4. What is the greatest common divisor of 28 and q?
14
Let d(n) = -n + 29. Let g be d(4). Let f be -1 + (-5)/(-1) + 1. What is the greatest common factor of g and f?
5
Suppose 5 = -5*g, 0 = -5*i + g - 5*g + 311. What is the greatest common factor of i and 42?
21
Let o = -85 + 95. What is the greatest common divisor of o and 40?
10
Suppose 4*k = 5 - 1, -3*s + 218 = -k. Suppose 5*q - 195 = 5*u, 3*u + s + 112 = 5*q. What is the greatest common factor of 85 and q?
17
Let o(i) = -6*i - 24. Let a be o(-8). Let r(g) = 2*g + 6. Let p be r(5). Calculate the highest common factor of a and p.
8
Let a = -56 - -36. Let n = 34 + a. What is the highest common factor of n and 42?
14
Let r(y) = -y**3 + 6*y**2 - 4*y + 1. Let m(j) = j + 11. Let z be m(-6). Let x be r(z). Calculate the greatest common divisor of x and 9.
3
Let k be (-12 - -9) + -2 + -1. Let v be ((-26)/k - 2)*3. What is the greatest common divisor of v and 1?
1
Let a = 126 + -72. Suppose 0*u - 2*u = -a. Calculate the highest common divisor of 9 and u.
9
Let x(o) = o**3 - o**2 + 2*o + 1. Let d be x(0). Calculate the greatest common factor of 2 and d.
1
Let h = -221 + 227. Let q be 1452/27 - (-4)/18. Calculate the highest common factor of h and q.
6
Suppose -5*d = -h - 62, -4*d + 2*d - 4*h + 38 = 0. Let m(w) = w**3 + w**2 + 1. Let x be m(2). What is the highest common divisor of d and x?
13
Suppose -3*d - 4*x = -315, 5*d + 0*x - 2*x = 525. What is the highest common divisor of 30 and d?
15
Suppose -40 = -4*q - 4*t, 5*q - 4 - 62 = -t. What is the highest common factor of q and 35?
7
Suppose 4*t - 16 = -0*t. Let n = t + -4. Suppose n*v = 2*v - 272. What is the greatest common divisor of v and 17?
17
Let i(b) = 20*b + 8. Let x be i(8). What is the greatest common divisor of 21 and x?
21
Suppose 4*v - 3*m - 122 = -m, -2*v + 91 = 5*m. What is the greatest common divisor of 11 and v?
11
Suppose 0 = 5*d + 3 + 12. Let k = d - -4. Let w be 93 - (k - -1)*1. What is the highest common factor of 13 and w?
13
Suppose 0 = -5*l + 218 + 32. What is the greatest common divisor of 20 and l?
10
Suppose -72 = -5*l + 3*i, -4*i + 44 = 5*l - 0*l. Suppose 0 = 4*z - 12, -z - 3*z - 3 = -5*r. Let k = l - r. Calculate the greatest common divisor of k and 45.
9
Let n(j) = -15*j**3 - 5*j**2 + 2*j + 3. Let h be n(3). Let x be (h/(-6))/((-9)/(-12)). Calculate the greatest common divisor of 14 and x.
14
Suppose 20 = 10*w - 15*w. Let n be 2 + (-2)/2 - -18. Let c = w + n. What is the greatest common factor of 105 and c?
15
Suppose 179 = 5*z + 34. Suppose 5*s - 2*m = z, -3*m + 37 = 4*s - 0*m. What is the highest common divisor of s and 14?
7
Let n = -4 + 9. Let j be (8/n)/(2/60). Let h(a) = -a + 6. Let o be h(0). Calculate the highest common factor of j and o.
6
Let o = -11 + 11. Suppose o = -p - 4 + 34. What is the greatest common divisor of 75 and p?
15
Suppose -2*o + 28 = -n + 5, 3*o + n = 32. Calculate the highest common divisor of o and 22.
11
Suppose -4*y + 6 = -2*y. Suppose y*v - 20 = -v. Let t = 63 + -43. What is the greatest common divisor of v and t?
5
Let h(y) = 3*y**2 - 3*y + 2. Let j be h(2). What is the greatest common factor of j and 8?
8
Let f(i) be the second derivative of -i**3 + i**2 - 2*i. Let z be f(-3). What is the greatest common divisor of 10 and z?
10
Let b(w) = -w + 18 + 1 - 2. Let i(u) = u - 17. Let s(p) = -6*b(p) - 7*i(p). Let o be s(0). Calculate the greatest common divisor of 187 and o.
17
Let v(z) = -z**2 - 5*z + 6. Let b be v(-5). Let o(w) = 2*w + 1 + 3 + 4. Let s be o(b). Calculate the highest common divisor of 20 and s.
20
Suppose 0 = 4*j - 3*a + 4 - 13, 3 = -a. Suppose 0 = -5*h + 10, -4*c - 4*h + 6*h = j. Calculate the greatest common factor of c and 7.
1
Suppose 0 = -3*s + 2*s + 2. Suppose -5*i - 1 = s*m - 0*i, -3*i + 7 = 5*m. Calculate the highest common factor of m and 10.
2
Suppose 3*g - 138 = -18. What is the greatest common factor of g and 8?
8
Suppose t + r - 5 = 26, -3*r = -2*t + 82. What is the greatest common factor of 14 and t?
7
Let j be (20/6)/((-6)/(-9)). Let a = -62 + 94. Suppose p + 3 = -f + a, j*f = 2*p - 86. Calculate the greatest common divisor of p and 11.
11
Suppose 3*k - 4*k + 92 = 0. Suppose z - k = -2*a + 4*a, 5*z + 4*a - 516 = 0. Calculate the greatest common factor of z and 20.
20
Let i = -1 + 6. Suppose 0 = x + x + 4. Let k = x + i. What is the highest common divisor of k and 27?
3
Let w = 15 - 11. Suppose 7*g = w*g. Suppose g = -2*r + 1 + 3. Calculate the highest common factor of 1 and r.
1
Let k be ((-2)/(-3))/(2/12). Let q be 4 - 54/(-72)*8/(-2). Calculate the greatest common factor of q and k.
1
Suppose 2*z = -4*f + 100 - 0, z = -5*f + 119. What is the highest common divisor of 207 and f?
23
Let k(l) = 65*l - 6. Suppose 5*d = -4*w + 22, -4*w + 4*d - 11 = -5*w. Let q be k(w). Calculate the highest common divisor of q and 27.
27
Let m be (49 + -21)*(-2)/(-4). What is the highest common divisor of 21 and m?
7
Let x = -26 - -27. What is the greatest common divisor of x and 3?
1
Let h(i) = 2*i + 24. Let a be h(0). Let l be ((-18)/5)/((-1)/60). What is the greatest common factor of l and a?
24
Let f = 6 - 14. Let o be (-630)/(-24) - (-2)/f. Calculate the greatest common factor of 182 and o.
26
Suppose 5*d = -0*d + 2*x + 237, 200 = 4*d + x. Suppose 13 = -4*v + d. Calculate the greatest common divisor of 9 and v.
9
Let w = -38 - -13. Let m = -15 - w. What is the greatest common divisor of 10 and 